{"id":333,"date":"2019-11-18T08:34:47","date_gmt":"2019-11-18T08:34:47","guid":{"rendered":"http:\/\/tehnicka.skolabd.edu.ba\/?page_id=333"},"modified":"2023-01-20T23:04:28","modified_gmt":"2023-01-20T23:04:28","slug":"kontakt","status":"publish","type":"page","link":"http:\/\/tehnicka.skolabd.edu.ba\/index.php\/kontakt\/","title":{"rendered":"Kontakt"},"content":{"rendered":"<p><\/p>\r\n<p><\/p>\r\n<p><\/p>\r\n<p><\/p>\r\n<p><\/p>\r\n<p><strong> Adresa: Musala 44, 76100 Br\u010dko <\/strong><\/p>\r\n<p><\/p>\r\n<p><\/p>\r\n<p><strong>Telefon\/ faks:\u00a0049 &#8211; 217\u2013052, 049 &#8211; 218-446<br \/><\/strong><\/p>\r\n<p><\/p>\r\n<p><\/p>\r\n<p><strong>E-mail: tehnickaskolabrcko@gmail.com<\/strong><\/p>\r\n<p><\/p>\r\n<p><\/p>\r\n\u00a0\r\n<p class=\"is-layout-flow wp-block-group-is-layout-flow\"><\/p>\t\t\r\n\t\t\t<iframe frameborder=\"0\" scrolling=\"no\" marginheight=\"0\" marginwidth=\"0\"\r\n\t\t\t\t\tsrc=\"https:\/\/maps.google.com\/maps?q=Ju%20Tehni%C4%8Dka%20%C5%A1kola%20Br%C4%8Dko&#038;t=m&#038;z=10&#038;output=embed&#038;iwloc=near\"\r\n\t\t\t\t\ttitle=\"Ju Tehni\u010dka \u0161kola Br\u010dko\"\r\n\t\t\t\t\taria-label=\"Ju Tehni\u010dka \u0161kola Br\u010dko\"\r\n\t\t\t><\/iframe>","protected":false},"excerpt":{"rendered":"<p>Adresa: Musala 44, 76100 Br\u010dko Telefon\/ faks:\u00a0049 &#8211; 217\u2013052, 049 &#8211; 218-446 E-mail: tehnickaskolabrcko@gmail.com \u00a0<\/p>\n","protected":false},"author":1,"featured_media":0,"parent":0,"menu_order":0,"comment_status":"closed","ping_status":"closed","template":"","meta":{"_monsterinsights_skip_tracking":false,"_monsterinsights_sitenote_active":false,"_monsterinsights_sitenote_note":"","_monsterinsights_sitenote_category":0,"footnotes":""},"class_list":["post-333","page","type-page","status-publish","hentry"],"_links":{"self":[{"href":"http:\/\/tehnicka.skolabd.edu.ba\/index.php\/wp-json\/wp\/v2\/pages\/333","targetHints":{"allow":["GET"]}}],"collection":[{"href":"http:\/\/tehnicka.skolabd.edu.ba\/index.php\/wp-json\/wp\/v2\/pages"}],"about":[{"href":"http:\/\/tehnicka.skolabd.edu.ba\/index.php\/wp-json\/wp\/v2\/types\/page"}],"author":[{"embeddable":true,"href":"http:\/\/tehnicka.skolabd.edu.ba\/index.php\/wp-json\/wp\/v2\/users\/1"}],"replies":[{"embeddable":true,"href":"http:\/\/tehnicka.skolabd.edu.ba\/index.php\/wp-json\/wp\/v2\/comments?post=333"}],"version-history":[{"count":1,"href":"http:\/\/tehnicka.skolabd.edu.ba\/index.php\/wp-json\/wp\/v2\/pages\/333\/revisions"}],"predecessor-version":[{"id":334,"href":"http:\/\/tehnicka.skolabd.edu.ba\/index.php\/wp-json\/wp\/v2\/pages\/333\/revisions\/334"}],"wp:attachment":[{"href":"http:\/\/tehnicka.skolabd.edu.ba\/index.php\/wp-json\/wp\/v2\/media?parent=333"}],"curies":[{"name":"wp","href":"https:\/\/api.w.org\/{rel}","templated":true}]}}