{"id":326,"date":"2019-11-21T08:43:48","date_gmt":"2019-11-21T08:43:48","guid":{"rendered":"http:\/\/tehnicka.skolabd.edu.ba\/?page_id=326"},"modified":"2023-01-21T11:28:08","modified_gmt":"2023-01-21T11:28:08","slug":"panoi-maturanata","status":"publish","type":"page","link":"http:\/\/tehnicka.skolabd.edu.ba\/index.php\/panoi-maturanata\/","title":{"rendered":"Panoi maturanata"},"content":{"rendered":"<h5><strong>Pozivamo sve na\u0161e biv\u0161e u\u010denike, da nam dostave panoe koji nedostaju da upotpunimo arhivu.<\/strong><\/h5>\n<h5><strong>Unaprijed se zahvaljujemo !!!<\/strong><\/h5>\n<h3><a href=\"http:\/\/tehnicka.skolabd.edu.ba\/index.php\/2012-2013-godina\/\">\u0160kolska 2012\/2013.godina<\/a><\/h3>\n<h3><a href=\"http:\/\/tehnicka.skolabd.edu.ba\/index.php\/2013-2014-godina\/\">\u0160kolska 2013\/2014.godina<\/a><\/h3>\n<h3><a href=\"http:\/\/tehnicka.skolabd.edu.ba\/index.php\/2014-2015-godina\/\">\u0160kolska 2014\/2015.godina<\/a><\/h3>\n<h3><a href=\"http:\/\/tehnicka.skolabd.edu.ba\/index.php\/2015-2016-godina\/\">\u0160kolska 2015\/2016.godina<\/a><\/h3>\n<h3><a href=\"http:\/\/tehnicka.skolabd.edu.ba\/index.php\/2016-2017-godina\/\">\u0160kolska 2016\/2017.godina<\/a><\/h3>\n<h3><a href=\"2018\">\u0160kolska 2017\/2018. godina<\/a><\/h3>\n<h3><a href=\"2019\">\u0160kolska 2018\/2019. godina<\/a><\/h3>\n<h3><a href=\"2020\">\u0160kolska 2019\/2020. godina<\/a><\/h3>\n","protected":false},"excerpt":{"rendered":"<p>Pozivamo sve na\u0161e biv\u0161e u\u010denike, da nam dostave panoe koji nedostaju da upotpunimo arhivu. Unaprijed se zahvaljujemo !!! \u0160kolska 2012\/2013.godina \u0160kolska 2013\/2014.godina \u0160kolska 2014\/2015.godina \u0160kolska 2015\/2016.godina \u0160kolska 2016\/2017.godina \u0160kolska 2017\/2018. godina \u0160kolska 2018\/2019. godina \u0160kolska 2019\/2020. godina<\/p>\n","protected":false},"author":1,"featured_media":0,"parent":0,"menu_order":0,"comment_status":"closed","ping_status":"closed","template":"","meta":{"_monsterinsights_skip_tracking":false,"_monsterinsights_sitenote_active":false,"_monsterinsights_sitenote_note":"","_monsterinsights_sitenote_category":0,"footnotes":""},"class_list":["post-326","page","type-page","status-publish","hentry"],"_links":{"self":[{"href":"http:\/\/tehnicka.skolabd.edu.ba\/index.php\/wp-json\/wp\/v2\/pages\/326","targetHints":{"allow":["GET"]}}],"collection":[{"href":"http:\/\/tehnicka.skolabd.edu.ba\/index.php\/wp-json\/wp\/v2\/pages"}],"about":[{"href":"http:\/\/tehnicka.skolabd.edu.ba\/index.php\/wp-json\/wp\/v2\/types\/page"}],"author":[{"embeddable":true,"href":"http:\/\/tehnicka.skolabd.edu.ba\/index.php\/wp-json\/wp\/v2\/users\/1"}],"replies":[{"embeddable":true,"href":"http:\/\/tehnicka.skolabd.edu.ba\/index.php\/wp-json\/wp\/v2\/comments?post=326"}],"version-history":[{"count":4,"href":"http:\/\/tehnicka.skolabd.edu.ba\/index.php\/wp-json\/wp\/v2\/pages\/326\/revisions"}],"predecessor-version":[{"id":532,"href":"http:\/\/tehnicka.skolabd.edu.ba\/index.php\/wp-json\/wp\/v2\/pages\/326\/revisions\/532"}],"wp:attachment":[{"href":"http:\/\/tehnicka.skolabd.edu.ba\/index.php\/wp-json\/wp\/v2\/media?parent=326"}],"curies":[{"name":"wp","href":"https:\/\/api.w.org\/{rel}","templated":true}]}}